{"id":411,"date":"2014-07-13T12:52:09","date_gmt":"2014-07-13T12:52:09","guid":{"rendered":"http:\/\/travail.mpe.ro\/?page_id=411"},"modified":"2014-09-07T17:00:40","modified_gmt":"2014-09-07T14:00:40","slug":"consiliere-si-orientare","status":"publish","type":"page","link":"https:\/\/travail.mpe.ro\/?page_id=411","title":{"rendered":"Consiliere \u015fi orientare"},"content":{"rendered":"<div class=\"wpb_row row\">\n\t<div class=\"col-md-12 wpb_column column_container\">\n\t\t<div class=\"wpb_wrapper\">\n\t\t\t<div class=\"latest-post\"><!--Start .Blog--><div class=\"row\"><div class=\"col-md-12\"><div class=\"item news-item\">\r\n\t\t\t\t\t\t\t<div class=\"inner-item\"><a href=\"https:\/\/travail.mpe.ro\/?p=650\"><img src=\"https:\/\/travail.mpe.ro\/wp-content\/uploads\/2014\/09\/autocunoastere-700x420.png\" class=\"attachment-slideshow size-slideshow wp-post-image\" alt=\"\" decoding=\"async\" loading=\"lazy\" \/><\/a><div class=\"hover-item\">\r\n\t\t\t\t\t\t\t\t\t<ul>\r\n\t\t\t\t\t\t\t\t\t\t<li><a class=\"autor\" href=\"https:\/\/travail.mpe.ro\/?author=1\"><i class=\"fa fa-user\"><\/i>admin<\/a><\/li>\r\n\t\t\t\t\t\t\t\t\t\t<li><a class=\"date\"><i class=\"fa fa-clock-o\"><\/i> 05 septembrie, 2014<\/a><\/li><li><a class=\"comment-numb\" href=\"https:\/\/travail.mpe.ro\/?p=650#respond\"><i class=\"fa fa-comments\"><\/i> No Comments<\/a><\/li><\/ul>\r\n\t\t\t\t\t\t\t\t<\/div><\/div>\r\n\t\t\t\t\t\t\t<h2><a href=\"https:\/\/travail.mpe.ro\/?p=650\">Autocunoastere si dezvoltare profesionala<\/a><\/h2>\r\n\t\t\t\t\t\t\t<p>Autocunoa\u015fterea se refer\u0103 la procesul de explorare \u015fi structurare a propriilor abilit\u0103\u0163i, emo\u0163ii, motiva\u0163ii, atitudini, credin\u0163e sau mecanisme de ap\u0103rare \u015fi adaptare, \u00een urma c\u0103ruia rezult\u0103 imaginea de sine a unei persoane. Cunoa\u015fterea \u015fi acceptarea de sine sunt variabile fundamentale[...]<\/p>\r\n\t\t\t\t\t\t\t<a class=\"read-more\" href=\"https:\/\/travail.mpe.ro\/?p=650\">mai mult <i class=\"fa fa-arrow-right\"><\/i><\/a>\r\n\t\t\t\t\t\t<\/div><\/div><\/div><!--end after counter--><div class=\"row\"><div class=\"col-md-12\"><div class=\"item news-item\">\r\n\t\t\t\t\t\t\t<div class=\"inner-item\"><a href=\"https:\/\/travail.mpe.ro\/?p=653\"><img src=\"https:\/\/travail.mpe.ro\/wp-content\/uploads\/2014\/09\/consiliere-700x420.png\" class=\"attachment-slideshow size-slideshow wp-post-image\" alt=\"\" decoding=\"async\" loading=\"lazy\" \/><\/a><div class=\"hover-item\">\r\n\t\t\t\t\t\t\t\t\t<ul>\r\n\t\t\t\t\t\t\t\t\t\t<li><a class=\"autor\" href=\"https:\/\/travail.mpe.ro\/?author=1\"><i class=\"fa fa-user\"><\/i>admin<\/a><\/li>\r\n\t\t\t\t\t\t\t\t\t\t<li><a class=\"date\"><i class=\"fa fa-clock-o\"><\/i> 05 septembrie, 2014<\/a><\/li><li><a class=\"comment-numb\" href=\"https:\/\/travail.mpe.ro\/?p=653#respond\"><i class=\"fa fa-comments\"><\/i> No Comments<\/a><\/li><\/ul>\r\n\t\t\t\t\t\t\t\t<\/div><\/div>\r\n\t\t\t\t\t\t\t<h2><a href=\"https:\/\/travail.mpe.ro\/?p=653\">Consiliere si orientare in cariera<\/a><\/h2>\r\n\t\t\t\t\t\t\t<p>Consilierea \u015fi orientarea \u00een carier\u0103 \u0163in cont de mobilitatea social\u0103 \u015fi economic\u0103, fiind imperios necesar s\u0103 se adapteze rapid noilor con\u0163inuturi \u015fi structuri profesionale.\u00a0 \u00cen plus, creeaz\u0103 premisele favorabile pentru elevi, astfel \u00eenc\u00e2t s\u0103 le permit\u0103 integrarea social\u0103 rapid\u0103, flexibilitatea,[...]<\/p>\r\n\t\t\t\t\t\t\t<a class=\"read-more\" href=\"https:\/\/travail.mpe.ro\/?p=653\">mai mult <i class=\"fa fa-arrow-right\"><\/i><\/a>\r\n\t\t\t\t\t\t<\/div><\/div><\/div><!--end after counter--><div class=\"row\"><div class=\"col-md-12\"><div class=\"item news-item\">\r\n\t\t\t\t\t\t\t<div class=\"inner-item\"><a href=\"https:\/\/travail.mpe.ro\/?p=1066\"><\/a><div class=\"hover-item\">\r\n\t\t\t\t\t\t\t\t\t<ul>\r\n\t\t\t\t\t\t\t\t\t\t<li><a class=\"autor\" href=\"https:\/\/travail.mpe.ro\/?author=1\"><i class=\"fa fa-user\"><\/i>admin<\/a><\/li>\r\n\t\t\t\t\t\t\t\t\t\t<li><a class=\"date\"><i class=\"fa fa-clock-o\"><\/i> 11 iunie, 2015<\/a><\/li><li><a class=\"comment-numb\" href=\"https:\/\/travail.mpe.ro\/?p=1066#respond\"><i class=\"fa fa-comments\"><\/i> No Comments<\/a><\/li><\/ul>\r\n\t\t\t\t\t\t\t\t<\/div><\/div>\r\n\t\t\t\t\t\t\t<h2><a href=\"https:\/\/travail.mpe.ro\/?p=1066\">Testul JVIS<\/a><\/h2>\r\n\t\t\t\t\t\t\t<p>Jackson Vocational Interest Survey a fost creat pentru a oferi un instrument eficient de m\u0103surare a intereselor voca\u0163ionale, care s\u0103 fie scorabil at\u00e2t manual, c\u00e2t \u015fi computerizat, \u00een vederea estim\u0103rii intereselor voca\u0163ionale ale persoanelor de ambele sexe, de-a lungul unui[...]<\/p>\r\n\t\t\t\t\t\t\t<a class=\"read-more\" href=\"https:\/\/travail.mpe.ro\/?p=1066\">mai mult <i class=\"fa fa-arrow-right\"><\/i><\/a>\r\n\t\t\t\t\t\t<\/div><\/div><\/div><!--end after counter-->\n\t<\/div><!--Close Container-->\n\t\t<\/div> \n\t<\/div> \n<\/div>\n","protected":false},"excerpt":{"rendered":"Jackson Vocational Interest Survey a fost creat pentru a oferi un instrument eficient de m\u0103surare a intereselor voca\u0163ionale, care s\u0103 fie scorabil at\u00e2t manual, c\u00e2t \u015fi computerizat, \u00een vederea estim\u0103rii intereselor voca\u0163ionale ale persoanelor de ambele sexe, de-a lungul unui set comun de dimensiuni. Fiind o tehnic\u0103 util\u0103 \u00een consilierea voca\u0163ional\u0103 \u015fi \u00een luarea deciziilor [...]","protected":false},"author":1,"featured_media":0,"parent":407,"menu_order":0,"comment_status":"open","ping_status":"open","template":"","meta":[],"_links":{"self":[{"href":"https:\/\/travail.mpe.ro\/index.php?rest_route=\/wp\/v2\/pages\/411"}],"collection":[{"href":"https:\/\/travail.mpe.ro\/index.php?rest_route=\/wp\/v2\/pages"}],"about":[{"href":"https:\/\/travail.mpe.ro\/index.php?rest_route=\/wp\/v2\/types\/page"}],"author":[{"embeddable":true,"href":"https:\/\/travail.mpe.ro\/index.php?rest_route=\/wp\/v2\/users\/1"}],"replies":[{"embeddable":true,"href":"https:\/\/travail.mpe.ro\/index.php?rest_route=%2Fwp%2Fv2%2Fcomments&post=411"}],"version-history":[{"count":4,"href":"https:\/\/travail.mpe.ro\/index.php?rest_route=\/wp\/v2\/pages\/411\/revisions"}],"predecessor-version":[{"id":655,"href":"https:\/\/travail.mpe.ro\/index.php?rest_route=\/wp\/v2\/pages\/411\/revisions\/655"}],"up":[{"embeddable":true,"href":"https:\/\/travail.mpe.ro\/index.php?rest_route=\/wp\/v2\/pages\/407"}],"wp:attachment":[{"href":"https:\/\/travail.mpe.ro\/index.php?rest_route=%2Fwp%2Fv2%2Fmedia&parent=411"}],"curies":[{"name":"wp","href":"https:\/\/api.w.org\/{rel}","templated":true}]}}